[INFO] cloning repository https://github.com/HotQ/litu
[INFO] running `Command { std: "git" "-c" "credential.helper=" "-c" "credential.helper=/workspace/cargo-home/bin/git-credential-null" "clone" "--bare" "https://github.com/HotQ/litu" "/workspace/cache/git-repos/https%3A%2F%2Fgithub.com%2FHotQ%2Flitu", kill_on_drop: false }`
[INFO] [stderr] Cloning into bare repository '/workspace/cache/git-repos/https%3A%2F%2Fgithub.com%2FHotQ%2Flitu'...
[INFO] running `Command { std: "git" "rev-parse" "HEAD", kill_on_drop: false }`
[INFO] [stdout] f0e841210dd5b399d16392a2b0d325e24c210daf
[INFO] checking HotQ/litu against master#af3c6e733a40e671550e0f0f5aeecaa13772ba56 for pr-74989
[INFO] running `Command { std: "git" "clone" "/workspace/cache/git-repos/https%3A%2F%2Fgithub.com%2FHotQ%2Flitu" "/workspace/builds/worker-4/source", kill_on_drop: false }`
[INFO] [stderr] Cloning into '/workspace/builds/worker-4/source'...
[INFO] [stderr] done.
[INFO] validating manifest of git repo https://github.com/HotQ/litu on toolchain af3c6e733a40e671550e0f0f5aeecaa13772ba56
[INFO] running `Command { std: "/workspace/cargo-home/bin/cargo" "+af3c6e733a40e671550e0f0f5aeecaa13772ba56" "read-manifest" "--manifest-path" "Cargo.toml", kill_on_drop: false }`
[INFO] started tweaking git repo https://github.com/HotQ/litu
[INFO] removed path dependency proc from git repo https://github.com/HotQ/litu
[INFO] finished tweaking git repo https://github.com/HotQ/litu
[INFO] tweaked toml for git repo https://github.com/HotQ/litu written to /workspace/builds/worker-4/source/Cargo.toml
[INFO] running `Command { std: "/workspace/cargo-home/bin/cargo" "+af3c6e733a40e671550e0f0f5aeecaa13772ba56" "generate-lockfile" "--manifest-path" "Cargo.toml" "-Zno-index-update", kill_on_drop: false }`
[INFO] running `Command { std: "/workspace/cargo-home/bin/cargo" "+af3c6e733a40e671550e0f0f5aeecaa13772ba56" "fetch" "--locked" "--manifest-path" "Cargo.toml", kill_on_drop: false }`
[INFO] [stderr] warning: dependency (proc) specified without providing a local path, Git repository, or version to use. This will be considered an error in future versions
[INFO] running `Command { std: "docker" "create" "-v" "/var/lib/crater-agent-workspace/builds/worker-4/target:/opt/rustwide/target:rw,Z" "-v" "/var/lib/crater-agent-workspace/builds/worker-4/source:/opt/rustwide/workdir:ro,Z" "-v" "/var/lib/crater-agent-workspace/cargo-home:/opt/rustwide/cargo-home:ro,Z" "-v" "/var/lib/crater-agent-workspace/rustup-home:/opt/rustwide/rustup-home:ro,Z" "-e" "SOURCE_DIR=/opt/rustwide/workdir" "-e" "CARGO_TARGET_DIR=/opt/rustwide/target" "-e" "CARGO_HOME=/opt/rustwide/cargo-home" "-e" "RUSTUP_HOME=/opt/rustwide/rustup-home" "-w" "/opt/rustwide/workdir" "-m" "1610612736" "--user" "0:0" "--network" "none" "rustops/crates-build-env@sha256:d92eaeed33fa75130ca1ee6c8a01d1ffb62bac859dfdfb3450e3e5d1c0146529" "/opt/rustwide/cargo-home/bin/cargo" "+af3c6e733a40e671550e0f0f5aeecaa13772ba56" "metadata" "--no-deps" "--format-version=1", kill_on_drop: false }`
[INFO] [stdout] 08832be5c9c93c7c8cdb2874e0e36f915cee3a39fc373264aa6d1e8980a58286
[INFO] [stderr] WARNING: Your kernel does not support swap limit capabilities or the cgroup is not mounted. Memory limited without swap.
[INFO] running `Command { std: "docker" "start" "-a" "08832be5c9c93c7c8cdb2874e0e36f915cee3a39fc373264aa6d1e8980a58286", kill_on_drop: false }`
[INFO] running `Command { std: "docker" "inspect" "08832be5c9c93c7c8cdb2874e0e36f915cee3a39fc373264aa6d1e8980a58286", kill_on_drop: false }`
[INFO] running `Command { std: "docker" "rm" "-f" "08832be5c9c93c7c8cdb2874e0e36f915cee3a39fc373264aa6d1e8980a58286", kill_on_drop: false }`
[INFO] [stdout] 08832be5c9c93c7c8cdb2874e0e36f915cee3a39fc373264aa6d1e8980a58286
[INFO] running `Command { std: "docker" "create" "-v" "/var/lib/crater-agent-workspace/builds/worker-4/target:/opt/rustwide/target:rw,Z" "-v" "/var/lib/crater-agent-workspace/builds/worker-4/source:/opt/rustwide/workdir:ro,Z" "-v" "/var/lib/crater-agent-workspace/cargo-home:/opt/rustwide/cargo-home:ro,Z" "-v" "/var/lib/crater-agent-workspace/rustup-home:/opt/rustwide/rustup-home:ro,Z" "-e" "SOURCE_DIR=/opt/rustwide/workdir" "-e" "CARGO_TARGET_DIR=/opt/rustwide/target" "-e" "CARGO_INCREMENTAL=0" "-e" "RUST_BACKTRACE=full" "-e" "RUSTFLAGS=--cap-lints=forbid" "-e" "CARGO_HOME=/opt/rustwide/cargo-home" "-e" "RUSTUP_HOME=/opt/rustwide/rustup-home" "-w" "/opt/rustwide/workdir" "-m" "1610612736" "--user" "0:0" "--network" "none" "rustops/crates-build-env@sha256:d92eaeed33fa75130ca1ee6c8a01d1ffb62bac859dfdfb3450e3e5d1c0146529" "/opt/rustwide/cargo-home/bin/cargo" "+af3c6e733a40e671550e0f0f5aeecaa13772ba56" "check" "--frozen" "--all" "--all-targets" "--message-format=json", kill_on_drop: false }`
[INFO] [stderr] WARNING: Your kernel does not support swap limit capabilities or the cgroup is not mounted. Memory limited without swap.
[INFO] [stdout] 37117a28aa55e2ecb56aa247708245a4357b2be4da2270862c3c0ba467dddf7b
[INFO] running `Command { std: "docker" "start" "-a" "37117a28aa55e2ecb56aa247708245a4357b2be4da2270862c3c0ba467dddf7b", kill_on_drop: false }`
[INFO] [stderr] warning: dependency (proc) specified without providing a local path, Git repository, or version to use. This will be considered an error in future versions
[INFO] [stderr]    Compiling libc v0.2.77
[INFO] [stderr]    Compiling semver-parser v0.7.0
[INFO] [stderr]    Compiling memchr v2.3.3
[INFO] [stderr]     Checking cfg-if v0.1.10
[INFO] [stderr]     Checking lazy_static v1.4.0
[INFO] [stderr]    Compiling log v0.4.11
[INFO] [stderr]    Compiling winapi-build v0.1.1
[INFO] [stderr]     Checking regex-syntax v0.6.18
[INFO] [stderr]     Checking termcolor v1.1.0
[INFO] [stderr]     Checking winapi v0.2.8
[INFO] [stderr]     Checking proc v0.1.4
[INFO] [stderr]    Compiling num-traits v0.2.12
[INFO] [stderr]    Compiling num-integer v0.1.43
[INFO] [stderr]     Checking humantime v1.3.0
[INFO] [stderr]     Checking thread_local v1.0.1
[INFO] [stderr]    Compiling semver v0.9.0
[INFO] [stderr]    Compiling kernel32-sys v0.2.2
[INFO] [stderr]    Compiling rustc_version v0.2.3
[INFO] [stderr]     Checking aho-corasick v0.7.13
[INFO] [stderr]    Compiling parking_lot_core v0.6.2
[INFO] [stderr]    Compiling parking_lot v0.9.0
[INFO] [stderr]     Checking atty v0.2.14
[INFO] [stderr]     Checking time v0.1.44
[INFO] [stderr]     Checking chrono v0.4.15
[INFO] [stderr]     Checking regex v1.3.9
[INFO] [stderr]     Checking env_logger v0.6.2
[INFO] [stderr]     Checking litu v0.1.0 (/opt/rustwide/workdir)
[INFO] [stdout] error[E0432]: unresolved import `super::time`
[INFO] [stdout]   --> src/uptime.rs:55:9
[INFO] [stdout]    |
[INFO] [stdout] 55 |     use super::time;
[INFO] [stdout]    |         ^^^^^^^^^^^ no `time` in `uptime`
[INFO] [stdout] 
[INFO] [stdout] 
[INFO] [stdout] error: cannot find macro `i_` in this scope
[INFO] [stdout]   --> src/lib.rs:52:39
[INFO] [stdout]    |
[INFO] [stdout] 52 |         debug!("concat: {} {}", ab_c, i_!(a b _ c));
[INFO] [stdout]    |                                       ^^
[INFO] [stdout] 
[INFO] [stdout] 
[INFO] [stdout] error: cannot find macro `i_` in this scope
[INFO] [stdout]   --> src/lib.rs:51:13
[INFO] [stdout]    |
[INFO] [stdout] 51 |         let i_!(a b _ c) = 123456;
[INFO] [stdout]    |             ^^
[INFO] [stdout] 
[INFO] [stdout] 
[INFO] [stdout] error[E0425]: cannot find function `time` in module `crate::uptime`
[INFO] [stdout]   --> src/ntp.rs:77:50
[INFO] [stdout]    |
[INFO] [stdout] 77 |     let result = request(addr, || crate::uptime::time().unwrap())?;
[INFO] [stdout]    |                                                  ^^^^ not found in `crate::uptime`
[INFO] [stdout]    |
[INFO] [stdout] help: consider importing this function
[INFO] [stdout]    |
[INFO] [stdout] 1  | use libc::time;
[INFO] [stdout]    |
[INFO] [stdout] 
[INFO] [stdout] 
[INFO] [stdout] error[E0425]: cannot find function `time` in module `crate::uptime`
[INFO] [stdout]    --> src/ntp.rs:102:72
[INFO] [stdout]     |
[INFO] [stdout] 102 |         (chrono::Utc::now().timestamp_millis() as u64 - crate::uptime::time().unwrap()) as i64
[INFO] [stdout]     |                                                                        ^^^^ not found in `crate::uptime`
[INFO] [stdout]     |
[INFO] [stdout] help: consider importing this function
[INFO] [stdout]     |
[INFO] [stdout] 1   | use libc::time;
[INFO] [stdout]     |
[INFO] [stdout] 
[INFO] [stdout] 
[INFO] [stdout] error[E0425]: cannot find function `time` in module `crate::uptime`
[INFO] [stdout]   --> src/time.rs:25:47
[INFO] [stdout]    |
[INFO] [stdout] 25 |     get_mill_offset() as u64 + crate::uptime::time().unwrap()
[INFO] [stdout]    |                                               ^^^^ not found in `crate::uptime`
[INFO] [stdout]    |
[INFO] [stdout] help: consider importing this function
[INFO] [stdout]    |
[INFO] [stdout] 1  | use libc::time;
[INFO] [stdout]    |
[INFO] [stdout] 
[INFO] [stdout] 
[INFO] [stdout] warning: unnecessary parentheses around block return value
[INFO] [stdout]   --> src/ntp.rs:55:5
[INFO] [stdout]    |
[INFO] [stdout] 55 |     ((*t2 as i64 + delta / 2) - (*t3 as i64))
[INFO] [stdout]    |     ^^^^^^^^^^^^^^^^^^^^^^^^^^^^^^^^^^^^^^^^^ help: remove these parentheses
[INFO] [stdout]    |
[INFO] [stdout]    = note: `#[warn(unused_parens)]` on by default
[INFO] [stdout] 
[INFO] [stdout] 
[INFO] [stdout] error[E0425]: cannot find function `time` in module `crate::uptime`
[INFO] [stdout]   --> src/ntp.rs:77:50
[INFO] [stdout]    |
[INFO] [stdout] 77 |     let result = request(addr, || crate::uptime::time().unwrap())?;
[INFO] [stdout]    |                                                  ^^^^ not found in `crate::uptime`
[INFO] [stdout]    |
[INFO] [stdout] help: consider importing this function
[INFO] [stdout]    |
[INFO] [stdout] 1  | use libc::time;
[INFO] [stdout]    |
[INFO] [stdout] 
[INFO] [stdout] 
[INFO] [stdout] error[E0425]: cannot find function `time` in module `crate::uptime`
[INFO] [stdout]    --> src/ntp.rs:102:72
[INFO] [stdout]     |
[INFO] [stdout] 102 |         (chrono::Utc::now().timestamp_millis() as u64 - crate::uptime::time().unwrap()) as i64
[INFO] [stdout]     |                                                                        ^^^^ not found in `crate::uptime`
[INFO] [stdout]     |
[INFO] [stdout] help: consider importing this function
[INFO] [stdout]     |
[INFO] [stdout] 1   | use libc::time;
[INFO] [stdout]     |
[INFO] [stdout] 
[INFO] [stdout] 
[INFO] [stdout] error[E0425]: cannot find function `time` in module `crate::uptime`
[INFO] [stdout]   --> src/time.rs:25:47
[INFO] [stdout]    |
[INFO] [stdout] 25 |     get_mill_offset() as u64 + crate::uptime::time().unwrap()
[INFO] [stdout]    |                                               ^^^^ not found in `crate::uptime`
[INFO] [stdout]    |
[INFO] [stdout] help: consider importing this function
[INFO] [stdout]    |
[INFO] [stdout] 1  | use libc::time;
[INFO] [stdout]    |
[INFO] [stdout] 
[INFO] [stdout] 
[INFO] [stdout] error[E0425]: cannot find value `ab_c` in this scope
[INFO] [stdout]   --> src/lib.rs:52:33
[INFO] [stdout]    |
[INFO] [stdout] 52 |         debug!("concat: {} {}", ab_c, i_!(a b _ c));
[INFO] [stdout]    |                                 ^^^^ not found in this scope
[INFO] [stdout] 
[INFO] [stdout] 
[INFO] [stdout] warning: unnecessary parentheses around block return value
[INFO] [stdout]   --> src/ntp.rs:55:5
[INFO] [stdout]    |
[INFO] [stdout] 55 |     ((*t2 as i64 + delta / 2) - (*t3 as i64))
[INFO] [stdout]    |     ^^^^^^^^^^^^^^^^^^^^^^^^^^^^^^^^^^^^^^^^^ help: remove these parentheses
[INFO] [stdout]    |
[INFO] [stdout]    = note: `#[warn(unused_parens)]` on by default
[INFO] [stdout] 
[INFO] [stdout] 
[INFO] [stdout] warning: unused import: `proc::*`
[INFO] [stdout]   --> src/lib.rs:50:13
[INFO] [stdout]    |
[INFO] [stdout] 50 |         use proc::*;
[INFO] [stdout]    |             ^^^^^^^
[INFO] [stdout]    |
[INFO] [stdout]    = note: `#[warn(unused_imports)]` on by default
[INFO] [stdout] 
[INFO] [stdout] 
[INFO] [stdout] error: aborting due to 3 previous errors; 1 warning emitted
[INFO] [stdout] 
[INFO] [stdout] 
[INFO] [stdout] For more information about this error, try `rustc --explain E0425`.
[INFO] [stdout] 
[INFO] [stderr] error: could not compile `litu`.
[INFO] [stderr] 
[INFO] [stderr] To learn more, run the command again with --verbose.
[INFO] [stderr] warning: build failed, waiting for other jobs to finish...
[INFO] [stdout] error: aborting due to 7 previous errors; 2 warnings emitted
[INFO] [stdout] 
[INFO] [stdout] 
[INFO] [stdout] Some errors have detailed explanations: E0425, E0432.
[INFO] [stdout] 
[INFO] [stdout] For more information about an error, try `rustc --explain E0425`.
[INFO] [stdout] 
[INFO] [stderr] error: build failed
[INFO] running `Command { std: "docker" "inspect" "37117a28aa55e2ecb56aa247708245a4357b2be4da2270862c3c0ba467dddf7b", kill_on_drop: false }`
[INFO] running `Command { std: "docker" "rm" "-f" "37117a28aa55e2ecb56aa247708245a4357b2be4da2270862c3c0ba467dddf7b", kill_on_drop: false }`
[INFO] [stdout] 37117a28aa55e2ecb56aa247708245a4357b2be4da2270862c3c0ba467dddf7b
